{"id":280,"date":"2017-12-01T13:21:40","date_gmt":"2017-12-01T13:21:40","guid":{"rendered":"http:\/\/gerey.nemtokeletes.hu\/hu\/?page_id=280"},"modified":"2018-01-09T08:11:13","modified_gmt":"2018-01-09T08:11:13","slug":"logo-valtozatok","status":"publish","type":"page","link":"http:\/\/gerey.hu\/EU\/logo-valtozatok\/","title":{"rendered":"Logo v\u00e1ltozatok"},"content":{"rendered":"<p>[et_pb_section fb_built=&#8221;1&#8243; admin_label=&#8221;section&#8221; _builder_version=&#8221;3.0.47&#8243;][et_pb_row custom_padding=&#8221;27px|0px|80.68998718261719px|0px&#8221; admin_label=&#8221;row&#8221; _builder_version=&#8221;3.0.89&#8243; background_size=&#8221;initial&#8221; background_position=&#8221;top_left&#8221; background_repeat=&#8221;repeat&#8221;][et_pb_column type=&#8221;4_4&#8243; _builder_version=&#8221;3.0.47&#8243; parallax=&#8221;off&#8221; parallax_method=&#8221;on&#8221;][et_pb_text admin_label=&#8221;Text&#8221; _builder_version=&#8221;3.0.47&#8243; background_size=&#8221;initial&#8221; background_position=&#8221;top_left&#8221; background_repeat=&#8221;repeat&#8221;][\/et_pb_text][et_pb_text _builder_version=&#8221;3.0.89&#8243;]<\/p>\n<h3>Kedves Judit!<\/h3>\n<p>K\u00fcld\u00f6m a s\u00f6t\u00e9tlila, s\u00f6t\u00e9tk\u00e9k kombot, itt is igaz, hogy nyisd meg nagyobba, hogy a sz\u00ednek helyesen jelenjenek meg.<\/p>\n<p>\u00dcdv: Anita<\/p>\n<p>[\/et_pb_text][et_pb_gallery gallery_ids=&#8221;378,377,375&#8243; gallery_captions=&#8221;,,&#8221; posts_number=&#8221;3&#8243; orientation=&#8221;portrait&#8221; show_pagination=&#8221;off&#8221; _builder_version=&#8221;3.0.89&#8243; custom_margin=&#8221;|||&#8221;][\/et_pb_gallery][\/et_pb_column][\/et_pb_row][et_pb_row custom_padding=&#8221;27px|0px|80.68998718261719px|0px&#8221; admin_label=&#8221;row&#8221; _builder_version=&#8221;3.0.89&#8243; background_size=&#8221;initial&#8221; background_position=&#8221;top_left&#8221; background_repeat=&#8221;repeat&#8221;][et_pb_column type=&#8221;4_4&#8243; _builder_version=&#8221;3.0.47&#8243; parallax=&#8221;off&#8221; parallax_method=&#8221;on&#8221;][et_pb_text admin_label=&#8221;Text&#8221; _builder_version=&#8221;3.0.47&#8243; background_size=&#8221;initial&#8221; background_position=&#8221;top_left&#8221; background_repeat=&#8221;repeat&#8221;][\/et_pb_text][et_pb_text _builder_version=&#8221;3.0.89&#8243;]<\/p>\n<h3>Kedves Judit!<\/h3>\n<p>K\u00fcld\u00f6m a harmadik k\u00f6rt, els\u0151 gal\u00e9ria a sz\u00ednv\u00e1ltozatokat mutatja (8db), a m\u00e1sodik a GEREY feliratot k\u00fcl\u00f6nb\u00f6z\u0151 bet\u0171t\u00edpusban (20 db), ezekb\u0151l lehetne, kellene v\u0171lasztani. Fontos, hogy a log\u00f3kat a gal\u00e9ri\u00e1b\u00f3l meg kell nyitni, mert kicsiben teljesen m\u00e1s sz\u00ednben mutatja.<\/p>\n<p>\u00dcdv: Anita<\/p>\n<p>[\/et_pb_text][et_pb_gallery gallery_ids=&#8221;337,338,339,340,341,342,345,346&#8243; gallery_captions=&#8221;,,,d,e,f,i,j&#8221; posts_number=&#8221;8&#8243; orientation=&#8221;portrait&#8221; show_pagination=&#8221;off&#8221; _builder_version=&#8221;3.0.89&#8243; custom_margin=&#8221;|||&#8221;][\/et_pb_gallery][et_pb_gallery gallery_ids=&#8221;348,349,350,351,352,353,354,355,356,357,358,359,360,361,362,363,364,365,366,367&#8243; gallery_captions=&#8221;,,,,,,,,,,,,,,,,,,,&#8221; posts_number=&#8221;20&#8243; orientation=&#8221;portrait&#8221; show_pagination=&#8221;off&#8221; _builder_version=&#8221;3.0.89&#8243; custom_margin=&#8221;|||&#8221;][\/et_pb_gallery][\/et_pb_column][\/et_pb_row][et_pb_row custom_padding=&#8221;27px|0px|80.68998718261719px|0px&#8221; admin_label=&#8221;row&#8221; _builder_version=&#8221;3.0.47&#8243; background_size=&#8221;initial&#8221; background_position=&#8221;top_left&#8221; background_repeat=&#8221;repeat&#8221;][et_pb_column type=&#8221;4_4&#8243; _builder_version=&#8221;3.0.47&#8243; parallax=&#8221;off&#8221; parallax_method=&#8221;on&#8221;][et_pb_text admin_label=&#8221;Text&#8221; _builder_version=&#8221;3.0.47&#8243; background_size=&#8221;initial&#8221; background_position=&#8221;top_left&#8221; background_repeat=&#8221;repeat&#8221;][\/et_pb_text][et_pb_text _builder_version=&#8221;3.0.89&#8243;]<\/p>\n<h3>Kedves Judit!<\/h3>\n<p>K\u00fcld\u00f6m a m\u00e1sodik v\u00e1ltozatot, itt pr\u00f3b\u00e1ltam a n\u00e9vvel \u00e9s a hidas verzi\u00f3val j\u00e1tszani.<\/p>\n<p>\u00dcdv: Anita<\/p>\n<p>[\/et_pb_text][et_pb_gallery gallery_ids=&#8221;317,318,319,320,321,322,323,324,325,326,327,328,329,330,331&#8243; gallery_captions=&#8221;,,,,,,,,,,,,,,&#8221; posts_number=&#8221;15&#8243; orientation=&#8221;portrait&#8221; show_pagination=&#8221;off&#8221; _builder_version=&#8221;3.0.89&#8243; custom_margin=&#8221;|||&#8221;][\/et_pb_gallery][\/et_pb_column][\/et_pb_row][et_pb_row custom_padding=&#8221;27px|0px|80.68998718261719px|0px&#8221; admin_label=&#8221;row&#8221; _builder_version=&#8221;3.0.47&#8243; background_size=&#8221;initial&#8221; background_position=&#8221;top_left&#8221; background_repeat=&#8221;repeat&#8221;][et_pb_column type=&#8221;4_4&#8243; _builder_version=&#8221;3.0.47&#8243; parallax=&#8221;off&#8221; parallax_method=&#8221;on&#8221;][et_pb_text admin_label=&#8221;Text&#8221; _builder_version=&#8221;3.0.47&#8243; background_size=&#8221;initial&#8221; background_position=&#8221;top_left&#8221; background_repeat=&#8221;repeat&#8221;][\/et_pb_text][et_pb_text _builder_version=&#8221;3.0.89&#8243;]<\/p>\n<h3>Kedves Judit!<\/h3>\n<p>K\u00e9sz\u00edtettem\u00a0 n\u00e9h\u00e1ny v\u00e1ltozatot, az\u00e9rt hogy nagyj\u00e1b\u00f3l bel\u0151j\u00fck, melyik az a st\u00edlus ami tetszik egy\u00e1ltal\u00e1n. Ez m\u00e9g nem a v\u00e9gleges felbont\u00e1s \u00e9s a sz\u00ednek, csak egy draft v\u00e1ltozat. Azt is lehet mondani, hogy ebben ez tetszik, a m\u00e1sikban az, \u00e9s \u00f6tb\u00f6zz\u00fck. Ha egyik sem, akkor meg m\u00e1s ir\u00e1nyba l\u00e9p\u00fcnk tov\u00e1bb.<\/p>\n<p>\u00dcdv: Anita<\/p>\n<p>[\/et_pb_text][et_pb_gallery gallery_ids=&#8221;298,299,300,301,302,303,304,305,306,307,308,309,310&#8243; gallery_captions=&#8221;,,,,,,,,,,,Hungarian Parliament Building also known as House of the Country, House of the Nation, the Parliament of Budapest. The symbol of Budapest, Hungary. Vector silhouette. Icon for travel agency.,&#8221; posts_number=&#8221;13&#8243; orientation=&#8221;portrait&#8221; show_pagination=&#8221;off&#8221; _builder_version=&#8221;3.0.89&#8243; custom_margin=&#8221;|||&#8221;][\/et_pb_gallery][\/et_pb_column][\/et_pb_row][\/et_pb_section]<\/p>\n","protected":false},"excerpt":{"rendered":"<p>[et_pb_section fb_built=&#8221;1&#8243; admin_label=&#8221;section&#8221; _builder_version=&#8221;3.0.47&#8243;][et_pb_row custom_padding=&#8221;27px|0px|80.68998718261719px|0px&#8221; admin_label=&#8221;row&#8221; _builder_version=&#8221;3.0.89&#8243; background_size=&#8221;initial&#8221; background_position=&#8221;top_left&#8221; background_repeat=&#8221;repeat&#8221;][et_pb_column type=&#8221;4_4&#8243; _builder_version=&#8221;3.0.47&#8243; parallax=&#8221;off&#8221; parallax_method=&#8221;on&#8221;][et_pb_text admin_label=&#8221;Text&#8221; _builder_version=&#8221;3.0.47&#8243; background_size=&#8221;initial&#8221; background_position=&#8221;top_left&#8221; background_repeat=&#8221;repeat&#8221;][\/et_pb_text][et_pb_text _builder_version=&#8221;3.0.89&#8243;] Kedves Judit! K\u00fcld\u00f6m a s\u00f6t\u00e9tlila, s\u00f6t\u00e9tk\u00e9k kombot, itt is igaz, hogy nyisd meg nagyobba, hogy a sz\u00ednek helyesen jelenjenek meg. \u00dcdv: Anita [\/et_pb_text][et_pb_gallery gallery_ids=&#8221;378,377,375&#8243; gallery_captions=&#8221;,,&#8221; posts_number=&#8221;3&#8243; orientation=&#8221;portrait&#8221; show_pagination=&#8221;off&#8221; _builder_version=&#8221;3.0.89&#8243; custom_margin=&#8221;|||&#8221;][\/et_pb_gallery][\/et_pb_column][\/et_pb_row][et_pb_row custom_padding=&#8221;27px|0px|80.68998718261719px|0px&#8221; admin_label=&#8221;row&#8221; _builder_version=&#8221;3.0.89&#8243; background_size=&#8221;initial&#8221; background_position=&#8221;top_left&#8221; [&hellip;]<\/p>\n","protected":false},"author":1,"featured_media":0,"parent":0,"menu_order":0,"comment_status":"closed","ping_status":"closed","template":"","meta":{"footnotes":""},"class_list":["post-280","page","type-page","status-publish","hentry"],"_links":{"self":[{"href":"http:\/\/gerey.hu\/EU\/wp-json\/wp\/v2\/pages\/280"}],"collection":[{"href":"http:\/\/gerey.hu\/EU\/wp-json\/wp\/v2\/pages"}],"about":[{"href":"http:\/\/gerey.hu\/EU\/wp-json\/wp\/v2\/types\/page"}],"author":[{"embeddable":true,"href":"http:\/\/gerey.hu\/EU\/wp-json\/wp\/v2\/users\/1"}],"replies":[{"embeddable":true,"href":"http:\/\/gerey.hu\/EU\/wp-json\/wp\/v2\/comments?post=280"}],"version-history":[{"count":11,"href":"http:\/\/gerey.hu\/EU\/wp-json\/wp\/v2\/pages\/280\/revisions"}],"predecessor-version":[{"id":380,"href":"http:\/\/gerey.hu\/EU\/wp-json\/wp\/v2\/pages\/280\/revisions\/380"}],"wp:attachment":[{"href":"http:\/\/gerey.hu\/EU\/wp-json\/wp\/v2\/media?parent=280"}],"curies":[{"name":"wp","href":"https:\/\/api.w.org\/{rel}","templated":true}]}}

Logo változatok

<p>[et_pb_section fb_built=&#8221;1&#8243; admin_label=&#8221;section&#8221; _builder_version=&#8221;3.0.47&#8243;][et_pb_row custom_padding=&#8221;27px|0px|80.68998718261719px|0px&#8221; admin_label=&#8221;row&#8221; _builder_version=&#8221;3.0.89&#8243; background_size=&#8221;initial&#8221; background_position=&#8221;top_left&#8221; background_repeat=&#8221;repeat&#8221;][et_pb_column type=&#8221;4_4&#8243; _builder_version=&#8221;3.0.47&#8243; parallax=&#8221;off&#8221; parallax_method=&#8221;on&#8221;][et_pb_text admin_label=&#8221;Text&#8221; _builder_version=&#8221;3.0.47&#8243; background_size=&#8221;initial&#8221; background_position=&#8221;top_left&#8221; background_repeat=&#8221;repeat&#8221;][/et_pb_text][et_pb_text _builder_version=&#8221;3.0.89&#8243;]</p>
<h3>Kedves Judit!</h3>
<p>Küldöm a sötétlila, sötétkék kombot, itt is igaz, hogy nyisd meg nagyobba, hogy a színek helyesen jelenjenek meg.</p>
<p>Üdv: Anita</p>
<p>[/et_pb_text][et_pb_gallery gallery_ids=&#8221;378,377,375&#8243; gallery_captions=&#8221;,,&#8221; posts_number=&#8221;3&#8243; orientation=&#8221;portrait&#8221; show_pagination=&#8221;off&#8221; _builder_version=&#8221;3.0.89&#8243; custom_margin=&#8221;|||&#8221;][/et_pb_gallery][/et_pb_column][/et_pb_row][et_pb_row custom_padding=&#8221;27px|0px|80.68998718261719px|0px&#8221; admin_label=&#8221;row&#8221; _builder_version=&#8221;3.0.89&#8243; background_size=&#8221;initial&#8221; background_position=&#8221;top_left&#8221; background_repeat=&#8221;repeat&#8221;][et_pb_column type=&#8221;4_4&#8243; _builder_version=&#8221;3.0.47&#8243; parallax=&#8221;off&#8221; parallax_method=&#8221;on&#8221;][et_pb_text admin_label=&#8221;Text&#8221; _builder_version=&#8221;3.0.47&#8243; background_size=&#8221;initial&#8221; background_position=&#8221;top_left&#8221; background_repeat=&#8221;repeat&#8221;][/et_pb_text][et_pb_text _builder_version=&#8221;3.0.89&#8243;]</p>
<h3>Kedves Judit!</h3>
<p>Küldöm a harmadik kört, első galéria a színváltozatokat mutatja (8db), a második a GEREY feliratot különböző betűtípusban (20 db), ezekből lehetne, kellene vűlasztani. Fontos, hogy a logókat a galériából meg kell nyitni, mert kicsiben teljesen más színben mutatja.</p>
<p>Üdv: Anita</p>
<p>[/et_pb_text][et_pb_gallery gallery_ids=&#8221;337,338,339,340,341,342,345,346&#8243; gallery_captions=&#8221;,,,d,e,f,i,j&#8221; posts_number=&#8221;8&#8243; orientation=&#8221;portrait&#8221; show_pagination=&#8221;off&#8221; _builder_version=&#8221;3.0.89&#8243; custom_margin=&#8221;|||&#8221;][/et_pb_gallery][et_pb_gallery gallery_ids=&#8221;348,349,350,351,352,353,354,355,356,357,358,359,360,361,362,363,364,365,366,367&#8243; gallery_captions=&#8221;,,,,,,,,,,,,,,,,,,,&#8221; posts_number=&#8221;20&#8243; orientation=&#8221;portrait&#8221; show_pagination=&#8221;off&#8221; _builder_version=&#8221;3.0.89&#8243; custom_margin=&#8221;|||&#8221;][/et_pb_gallery][/et_pb_column][/et_pb_row][et_pb_row custom_padding=&#8221;27px|0px|80.68998718261719px|0px&#8221; admin_label=&#8221;row&#8221; _builder_version=&#8221;3.0.47&#8243; background_size=&#8221;initial&#8221; background_position=&#8221;top_left&#8221; background_repeat=&#8221;repeat&#8221;][et_pb_column type=&#8221;4_4&#8243; _builder_version=&#8221;3.0.47&#8243; parallax=&#8221;off&#8221; parallax_method=&#8221;on&#8221;][et_pb_text admin_label=&#8221;Text&#8221; _builder_version=&#8221;3.0.47&#8243; background_size=&#8221;initial&#8221; background_position=&#8221;top_left&#8221; background_repeat=&#8221;repeat&#8221;][/et_pb_text][et_pb_text _builder_version=&#8221;3.0.89&#8243;]</p>
<h3>Kedves Judit!</h3>
<p>Küldöm a második változatot, itt próbáltam a névvel és a hidas verzióval játszani.</p>
<p>Üdv: Anita</p>
<p>[/et_pb_text][et_pb_gallery gallery_ids=&#8221;317,318,319,320,321,322,323,324,325,326,327,328,329,330,331&#8243; gallery_captions=&#8221;,,,,,,,,,,,,,,&#8221; posts_number=&#8221;15&#8243; orientation=&#8221;portrait&#8221; show_pagination=&#8221;off&#8221; _builder_version=&#8221;3.0.89&#8243; custom_margin=&#8221;|||&#8221;][/et_pb_gallery][/et_pb_column][/et_pb_row][et_pb_row custom_padding=&#8221;27px|0px|80.68998718261719px|0px&#8221; admin_label=&#8221;row&#8221; _builder_version=&#8221;3.0.47&#8243; background_size=&#8221;initial&#8221; background_position=&#8221;top_left&#8221; background_repeat=&#8221;repeat&#8221;][et_pb_column type=&#8221;4_4&#8243; _builder_version=&#8221;3.0.47&#8243; parallax=&#8221;off&#8221; parallax_method=&#8221;on&#8221;][et_pb_text admin_label=&#8221;Text&#8221; _builder_version=&#8221;3.0.47&#8243; background_size=&#8221;initial&#8221; background_position=&#8221;top_left&#8221; background_repeat=&#8221;repeat&#8221;][/et_pb_text][et_pb_text _builder_version=&#8221;3.0.89&#8243;]</p>
<h3>Kedves Judit!</h3>
<p>Készítettem  néhány változatot, azért hogy nagyjából belőjük, melyik az a stílus ami tetszik egyáltalán. Ez még nem a végleges felbontás és a színek, csak egy draft változat. Azt is lehet mondani, hogy ebben ez tetszik, a másikban az, és ötbözzük. Ha egyik sem, akkor meg más irányba lépünk tovább.</p>
<p>Üdv: Anita</p>
<p>[/et_pb_text][et_pb_gallery gallery_ids=&#8221;298,299,300,301,302,303,304,305,306,307,308,309,310&#8243; gallery_captions=&#8221;,,,,,,,,,,,Hungarian Parliament Building also known as House of the Country, House of the Nation, the Parliament of Budapest. The symbol of Budapest, Hungary. Vector silhouette. Icon for travel agency.,&#8221; posts_number=&#8221;13&#8243; orientation=&#8221;portrait&#8221; show_pagination=&#8221;off&#8221; _builder_version=&#8221;3.0.89&#8243; custom_margin=&#8221;|||&#8221;][/et_pb_gallery][/et_pb_column][/et_pb_row][/et_pb_section]</p>

<p>[et_pb_section fb_built=&#8221;1&#8243; admin_label=&#8221;section&#8221; _builder_version=&#8221;3.0.47&#8243;][et_pb_row custom_padding=&#8221;27px|0px|80.68998718261719px|0px&#8221; admin_label=&#8221;row&#8221; _builder_version=&#8221;3.0.89&#8243; background_size=&#8221;initial&#8221; background_position=&#8221;top_left&#8221; background_repeat=&#8221;repeat&#8221;][et_pb_column type=&#8221;4_4&#8243; _builder_version=&#8221;3.0.47&#8243; parallax=&#8221;off&#8221; parallax_method=&#8221;on&#8221;][et_pb_text admin_label=&#8221;Text&#8221; _builder_version=&#8221;3.0.47&#8243; background_size=&#8221;initial&#8221; background_position=&#8221;top_left&#8221; background_repeat=&#8221;repeat&#8221;][/et_pb_text][et_pb_text _builder_version=&#8221;3.0.89&#8243;] Kedves Judit! Küldöm a sötétlila, sötétkék kombot, itt is igaz, hogy nyisd meg nagyobba, hogy a színek helyesen jelenjenek meg. Üdv: Anita [/et_pb_text][et_pb_gallery gallery_ids=&#8221;378,377,375&#8243; gallery_captions=&#8221;,,&#8221; posts_number=&#8221;3&#8243; orientation=&#8221;portrait&#8221; show_pagination=&#8221;off&#8221; _builder_version=&#8221;3.0.89&#8243; custom_margin=&#8221;|||&#8221;][/et_pb_gallery][/et_pb_column][/et_pb_row][et_pb_row custom_padding=&#8221;27px|0px|80.68998718261719px|0px&#8221; admin_label=&#8221;row&#8221; _builder_version=&#8221;3.0.89&#8243; background_size=&#8221;initial&#8221; background_position=&#8221;top_left&#8221; [&hellip;]</p>
